*3 - 19*w**3 + 28*w**3. What is a(-2)?
16
Let s(o) = -4*o**3 + 5*o**2 + 2*o + 9. Let h(c) = -3*c**3 + 5*c**2 + c + 8. Let v(a) = -3*h(a) + 2*s(a). Let w = -4549 + 4554. What is v(w)?
-1
Let o be (10/4)/(5/10). Let i = o + 3. Let n be (1 - 4/i)*8. Let p(l) = l**3 - 4*l**2 - l. Calculate p(n).
-4
Let w = 2088 + -2096. Let s(f) = f + 13. Give s(w).
5
Let z be -2*(-5)/((-20)/6). Let l be 2*(0 - (z - -4)). Let a(i) = -i. Let p(n) = -18*n - 3. Let u(h) = -15*a(h) + p(h). What is u(l)?
3
Let f(a) = -3*a**3 - 6*a**2 - 6*a - 3. Let g(x) = 7*x**3 + 13*x**2 + 13*x + 7. Let q be 2*4/8 - 5*2. Let c(y) = q*f(y) - 4*g(y). Give c(2).
3
Let n(v) be the third derivative of 0 + 0*v - 1/4*v**4 - 11*v**2 + 1/60*v**5 + 1/6*v**3. Give n(4).
-7
Let g(p) be the first derivative of -4*p**3/3 - 2*p**2 + 320. Determine g(-3).
-24
Let n(w) = -w**3 + 3*w**2 - w + 2. Let a be (1/3)/(17/(-255)). Let q be (-5 - -1)/(10/a). Suppose -12 = q*h - 6*h. Determine n(h).
-1
Suppose o = 2*r - r - 57, 170 = 3*r - 2*o. Let q be 2/(-7) - (-128)/r. Let h(y) = -2 + 1 + 3*y**2 - y - 3 - 2*y**q. Calculate h(-3).
8
Let i(f) = -f + 13. Let q be i(5). Let a(p) = -q - p**2 - 3 + 2*p**2. Give a(0).
-11
Let z(x) = 135*x - 190. Let u(o) = -5*o + 7. Let a(r) = 55*u(r) + 2*z(r). Give a(5).
-20
Let a(g) = 3 + 1 + 24*g**3 + 2*g**2 + 2 - 25*g**3 + 3*g**2 + 6*g. Let r = 8 - 2. Determine a(r).
6
Let n be ((-6)/7)/(4/28). Suppose j = 3*f - 6*f - 1, -8 = -4*f + j. Let c(w) = -3*w**2 + f + w + 0 - w**3 - 3*w**2. Determine c(n).
-5
Let i(y) be the first derivative of -1/2*y**2 - 3*y - 5 + 5/3*y**3. Let n(a) be the first derivative of i(a). Calculate n(1).
9
Suppose 0 = -7*u + 10*u, -3*u + 21 = 3*j. Let l(b) = b**2 - 5*b - 22. Give l(j).
-8
Suppose 3*w + w - 16 = 0. Let d(b) = 3*b + 1. Let r(o) = -4*o. Let i(l) = w*r(l) + 5*d(l). Suppose -8*m - 1445 = -1445. Calculate i(m).
5
Let v(z) = z**3 - 8*z**2 + 12*z + 9. Let f(x) = x**3 - 30*x**2 + 49*x + 202. Let j be f(28). Determine v(j).
9
Let q = 419 - 420. Let v(i) be the second derivative of 0*i**3 + 0*i**4 - 2*i + 1/2*i**2 + 0 + 7/20*i**5. Give v(q).
-6
Let w(y) = 1. Let v(d) = -d - 4. Let r(x) = -x**3 + 5*x**2 - 3*x + 1. Let s be r(4). Suppose -19*u - 3 = -22*u. Let j(p) = s*w(p) + u*v(p). What is j(1)?
0
Let f(u) be the third derivative of -1/2*u**3 + 0*u + u**2 + 0 + 1/8*u**4. Suppose 4*h + 8 = -2*k, 7*h - 8*h + 7 = 5*k. Give f(k).
3
Let q = -141 + 139. Let l(i) = i**3 + 4*i**2 + i - 2. What is l(q)?
4
Let x(z) = 10*z**3 - 2*z**2 + 2*z - 1. Let h be x(1). Suppose 0 = 3*u - h*u + 42. Let o(r) = r - 12. Determine o(u).
-5
Let d(q) = -35 + 25 + 2*q - 2*q + q. What is d(6)?
-4
Suppose -7*t = -4*l - 3*t + 24, 20 = -5*l - 5*t. Let k be (12/16)/l*4. Let z(a) = a**2 - a**2 - 1 - a**2 + 3*a. Determine z(k).
-1
Let i(q) = 5*q. Let l = 60 + -38. Let c = -24 + l. Calculate i(c).
-10
Let a(o) be the first derivative of -4*o**2 + o - 38. Let y = 3 + -1. Determine a(y).
-15
Let a(p) be the second derivative of -p**5/60 - p**4/24 - p**3/6 + 5*p**2 - 9*p. Let n(i) be the first derivative of a(i). What is n(-3)?
-7
Let i(b) = b**3 + b**2 + b + 8. Let t(l) = 30*l + 150. Let x be t(-5). Calculate i(x).
8
Let f(b) = b**2 + 10*b + 9. Let y be f(-6). Let c = -12 - y. Let z(t) = c*t + 2*t - 3*t**2 + t + t**3 - 6 + 10*t**2. What is z(-6)?
-6
Let w(r) be the second derivative of r**5/20 - 17*r**4/12 + 7*r**3/2 - 4*r**2 + 618*r. Calculate w(16).
72
Let u(t) = 11237*t + 0*t**2 - 3*t**2 + 2*t**2 + 3 - 11229*t. What is u(8)?
3
Let p be ((-3)/(-6))/(2/(-4)). Let u(r) = -4*r - 1. Let t be 4/(12/9) - (-30)/6. Let h(w) = -12*w - 3. Let n(l) = t*u(l) - 3*h(l). What is n(p)?
-3
Let v(b) be the first derivative of b**3/3 - 5*b**2 + 9*b + 101. Give v(9).
0
Let y(z) = -z**3 - 8*z**2 - 9*z. Let k = 830 - 836. Give y(k).
-18
Let k = 1308 + -1322. Let h(j) = -j**3 - 14*j**2 + j. What is h(k)?
-14
Let f(n) be the second derivative of n**5/20 + n**4/4 - 5*n**2/2 - 866*n + 1. Suppose -l + 1 = 5. Give f(l).
-21
Let l = 3 - 7. Let s(i) be the second derivative of 1/2*i**3 - 2*i**2 + 15*i + 0 + 1/12*i**4. Calculate s(l).
0
Let q(i) = -8 - i - 3 + 1. Calculate q(-16).
6
Let b(n) = -4*n + 1. Let q be b(1). Let z(u) = u**3 - u**2 - 3*u - 4. Let o(k) = -6*k**3 + 4*k**2 + 15*k + 21. Let p(l) = -2*o(l) - 11*z(l). Give p(q).
-7
Let q(z) = 3*z + 2. Let k = 8 - 3. Let g be (-6)/(-4) + 91/(-26). Let y(h) = h + 1. Let s(l) = g*q(l) + k*y(l). Give s(5).
-4
Let w be 1 + -4 + (0 - -5). Let d(z) = w*z - z**2 - 2*z - 1 - 1. Suppose 0 = -3*c - c + 8. Give d(c).
-6
Let w(b) = b**2 - 6*b + 3. Suppose j - 8 = -5. Let s be -6 + (1 - 1) + j. Let n(o) = -4*o - 7. Let x be n(s). Give w(x).
-2
Let r(m) = 2*m - 3 + 0 + 2 + 0*m - 10*m**2. Suppose 6*z = -14 + 20. Determine r(z).
-9
Let b(a) = -a - 6 + 0*a + a**2 + 6*a. Let x be 405/(-54) - 3/(-2). Calculate b(x).
0
Let q(a) = 3*a + 29. Let y(r) = -r + 4. Let o(g) = -q(g) + 5*y(g). Give o(-5).
31
Let i(v) = v**2 - 15*v + 17. Let j be i(14). Let y(o) be the second derivative of 0 + j*o**2 + o + 1/6*o**3 - 1/12*o**4. Calculate y(0).
6
Let g(z) = z**2 + 2*z - 2. Suppose 2*p - 44 = -2*p. Let l = -6 + p. Suppose -l*t - 11 = 9. Give g(t).
6
Let g(h) = 7 - 3 - 2 + 3*h. Let y(z) = -z. Let j(n) = g(n) + 4*y(n). Let v be (((-6)/3)/1)/(22/(-33)). Calculate j(v).
-1
Let d(m) = -2*m**3 - 4*m**2 - 3*m - 2. Let q(k) = -2*k**2 - 31*k - 122. Let x be q(-8). Calculate d(x).
4
Let y(i) be the first derivative of -3*i**2/2 + 7*i - 502. Calculate y(4).
-5
Let k be 0 - (1 + -2)*4. Let d(p) be the first derivative of -p**2/2 - 173. Determine d(k).
-4
Let r(i) = -i**3 - 5*i**2 - 3*i - 6. Let u(c) = 26*c - 26*c + 6*c**2. Let s be u(1). Let l be ((-4)/3)/(s/18). Calculate r(l).
-10
Let l(f) = -f + 1. Suppose -93 + 63 = -15*v. Calculate l(v).
-1
Suppose 5 = -5*z + 2*a + 59, 14 = 2*z + 3*a. Suppose 3*y - 5 = z. Let d(v) = v. What is d(y)?
5
Let n = -2 - -13. Let a(u) = 66*u**2 + 12 - 5 - 3 - 65*u**2 - 7*u - 5*u. What is a(n)?
-7
Let c(d) be the second derivative of -d**3 + 2*d + 6. Determine c(2).
-12
Let p(n) = -3*n**2 + 23*n - 6. Let u(k) = -k**2 + 8*k - 2. Suppose 22 + 26 = 12*s. Let q(o) = s*p(o) - 11*u(o). What is q(4)?
-2
Let q(i) = i**3 + 7*i**2 + 6*i + 10. Let d(s) = 17*s + 249. Let a be d(-15). Calculate q(a).
10
Let f(d) = d**2 + 6*d - 2. Let s = 34 - 37. Let l be s + (-9)/((-18)/(-4)). Give f(l).
-7
Suppose -10*l + 20 = -5*l. Let k(i) be the second derivative of -i**5/20 + 5*i**4/12 - i**3/3 - i**2/2 + 12*i. Give k(l).
7
Let h(g) be the first derivative of -15*g**4/4 + 2*g**3/3 - g - 3. Suppose 10*r - 17 = -7*r. Calculate h(r).
-14
Let j(i) = 2*i - 1. Suppose 164 = 12*q + 140. Give j(q).
3
Let w(z) = -z**2 - 7*z - 5. Let s = -6 + -4. Let j be 3/(-6) + (-55)/s. Suppose 4 = -3*p - 5*l + 1, -5*p - j*l = 15. What is w(p)?
1
Let z(x) be the second derivative of -5/2*x**2 + 2/3*x**3 + 0 + 1/12*x**4 + x. Suppose -6*l + 3*l - 12 = 0. What is z(l)?
-5
Let p(q) = q**3 - 4*q**2 - 6*q + 6. Let r be p(5). Let a(s) be the third derivative of 3*s**4/8 + s**3/6 - 35*s**2. Determine a(r).
10
Let g(a) = -10*a - 2. Let p be 84/189 + (-69)/(-27). Calculate g(p).
-32
Let y be (9/6)/((-3)/8). Let d be (-3)/(-6) - (-2)/y. Suppose 5*p = 2*z + 3, d = 3*p - 5*p + 2*z. Let n(u) = -6*u**2 - u + 1. Calculate n(p).
-6
Let q(x) = 14*x**3 - 2*x**2 + 3*x - 1. Let u be q(1). Let p be (4/7)/(4/u) - 8. Let v(s) = 7*s + 2 + 3 + 3 + 0 + s**2. What is v(p)?
2
Let s(u) = 21*u**3 + u - 1. Suppose 0 = 22*y - 25*y + 3. Give s(y).
21
Let j(t) be the second derivative of -t**4/12 + t**3 + 2*t**2 - 16*t. What is j(5)?
9
Let x(f) be the first derivative of -f**4/4 + 2*f**3 + 4*f**2 - 10*f + 86. What is x(7)?
-3
Suppose -11*a = 11*a - 9*a. Suppose 3*u + j = -4*j + 37, -2*u + 2*j = 2. Let x(o) = 2*o + o - u*o + 9 - 3. Give x(a).
6
Let z(w) be the second derivative of w**5/20 + w**4/12 + w**3/3 + w**2/2 + 5*w + 2. Let o(y) = 3*y**2 - 2 - y**2 - 4*y**2 - 4*y. Let b be o(-2). Give z(b).
-7
Let a be 0/(-1*(2 + 3)/(-5)). Let c(k) = -2*k. Let b(w) = w + 2 - 2. Let m(j) = -b(j) - c(j). What is m(a)?
0
Let a(c) = -c - 1. Let d(f) = -f**2 + 5*f + 37. Let h be d(9). Let g = -18 + 12. Let t(r) = -7*r - 9. Let q(p) = g*a(p) + h*t(p). Calculate q(5).
-8
Let i(k) be the second derivative of -k**4/12 + k**2/2 - 96*k. Determine i(-2).
-3
Let u(x) = x**3 + 8*x